 3376. Give x(36).
-80
Let n(w) = 2*w**2 - 1793*w - 92898. Determine n(-49).
-239
Let j(c) = -24*c**2 + 1271*c + 1657. Give j(54).
307
Let p(m) = m**3 + 97*m**2 - 619*m + 826. What is p(-103)?
929
Let w(h) = -12*h**2 - 4400*h + 4296. Calculate w(-368).
-1592
Let o(v) = 2*v**2 + 1097*v + 39636. Calculate o(-39).
-105
Let v(s) = s**2 + 276*s - 4243. What is v(0)?
-4243
Let c(p) = -215*p - 1007. Calculate c(-5).
68
Let b(x) = 4*x**3 + 39*x**2 - 50*x + 6. Determine b(-11).
-49
Let s(n) = -2*n**2 - 313*n - 3082. Give s(-114).
6608
Let a(c) = c**3 + 138*c**2 + 3259*c + 495439. Calculate a(-140).
-21
Let i(w) = 279*w - 2579. Determine i(11).
490
Let g(o) = -o**3 + 131*o**2 - 3047*o + 379159. What is g(130)?
-51
Let i(b) = -5*b**2 + 179*b - 1624. Calculate i(13).
-142
Let l(d) = 866*d + 24160. What is l(-28)?
-88
Let d(s) = 212*s**2 + 221324*s - 4184. Determine d(-1044).
-8
Let h(x) = 2*x**3 - 52*x**2 + 263*x + 899. What is h(16)?
-13
Let i(j) = 356*j**2 + 20*j - 90. Give i(3).
3174
Let g(x) = -x**3 - 7*x**2 + 4661*x + 1097. Give g(65).
-138
Let d(l) = l**3 + 4*l**2 - 25927*l - 181345. What is d(-7)?
-3
Let y(v) = 13633*v - 730. Calculate y(0).
-730
Let g(m) = -37*m**2 + 778*m + 264. What is g(21)?
285
Let u(r) = -179148*r - 17556506. Determine u(-98).
-2
Let x(u) = 370*u**2 - 2899*u + 5675. What is x(4)?
-1
Let l(x) = 3*x**3 - 37*x**2 + 414*x - 4752. What is l(12)?
72
Let y(d) = 5*d**2 - 50*d + 312. Calculate y(5).
187
Let g(b) = -1956*b - 623952. Calculate g(-319).
12
Let c(x) = x**2 + 250*x + 15066. What is c(-102)?
-30
Let r(w) = 7*w**2 + 13*w - 243. Calculate r(-8).
101
Let t(l) = 2*l**2 - 15346*l + 1842443. Calculate t(122).
-1
Let x(w) = -991*w - 3710. Calculate x(-4).
254
Let c(k) = -5*k**2 - 400. Calculate c(-8).
-720
Let a(k) = 18033*k + 667152. Calculate a(-37).
-69
Let p(r) = -r**3 - 19*r**2 - 54*r - 41. Give p(-3).
-23
Let d(v) = -54*v + 802. What is d(15)?
-8
Let h(t) = -180*t**2 + 10611*t - 9884. Determine h(58).
34
Let b(n) = n**3 - 41*n**2 - 4*n - 505. Calculate b(42).
1091
Let o(t) = -7*t**3 - 30*t**2 - 41*t + 84. Determine o(-9).
3126
Let q(h) = 3632*h**2 + 10850*h + 16. Give q(-3).
154
Let m(u) = -156040*u + 1872527. Give m(12).
47
Let s(v) = -977*v + 34271. What is s(35)?
76
Let a(w) = -37069*w - 3150848. Determine a(-85).
17
Let x(n) = 920*n - 63527. What is x(69)?
-47
Let m(z) = -2*z**3 + 52*z**2 - 6*z + 918. Calculate m(27).
-702
Let w(a) = 113*a**2 - 10954*a - 106. Give w(97).
573
Let p(h) = -1512*h - 328074. Calculate p(-217).
30
Let q(a) = -12*a**2 + 77*a - 155. Determine q(2).
-49
Let f(h) = -3052*h - 12263. Calculate f(-4).
-55
Let z(h) = -15*h**2 - 13035*h + 26068. Calculate z(2).
-62
Let t(k) = 95*k**2 - 21279*k - 299. What is t(224)?
-75
Let l(u) = 3318*u + 234825. Determine l(-71).
-753
Let o(w) = -3351*w + 102077. Give o(31).
-1804
Let z(l) = -22002*l + 330012. Give z(15).
-18
Let h(x) = 2*x**3 + 82*x**2 - 49*x + 1473. Calculate h(-42).
3
Let s(i) = 86*i - 1164. Give s(15).
126
Let j(f) = -19*f**2 - 170*f - 42. What is j(-8)?
102
Let m(d) = -13*d**3 + 186*d**2 + 198*d + 2. What is m(-1)?
3
Let b(s) = s**2 - 824*s + 77903. Give b(109).
-32
Let z(n) = -47*n**2 - 2128*n + 3507. Calculate z(-47).
-300
Let x(z) = z**2 - 7926*z - 8236080. Determine x(-930).
0
Let f(m) = 23*m**2 - 1632*m + 4. Calculate f(71).
75
Let f(t) = -1834*t - 372319. Determine f(-203).
-17
Let p(u) = 30*u**3 + 11969*u**2 - 414*u - 5987. Calculate p(-399).
-2
Let z(d) = -4647*d - 1649672. Determine z(-355).
13
Let v(d) = -d**2 + 43056*d - 344365. Determine v(8).
19
Let b(q) = -q**2 + 2067*q + 99326. Give b(-47).
-32
Let r(z) = 2*z**3 + 5*z**2 - 3807*z - 11433. Calculate r(-3).
-21
Let g(u) = -35428*u + 2090270. Determine g(59).
18
Let w(z) = -169*z + 658. Give w(16).
-2046
Let g(a) = 282*a + 7972. What is g(-30)?
-488
Let v(w) = -307*w**2 + 1357*w - 32. Give v(4).
484
Let j(p) = -11576*p + 34582. Give j(3).
-146
Let g(v) = -74*v**2 + 851*v - 3414. Give g(4).
-1194
Let r(a) = a**3 - 17*a**2 + 165*a - 1749. Give r(14).
-27
Let m(r) = 79075*r - 7512155. Calculate m(95).
-30
Let h(z) = -8*z**2 - 4326*z + 13042. Give h(3).
-8
Let j(a) = 7*a**2 - 359. Calculate j(9).
208
Let b(p) = p**2 - 22443*p - 629192. Give b(-28).
-4
Let h(m) = -21*m**2 - 1296*m + 347. Give h(-62).
-25
Let m(b) = -b**2 + 186*b + 55868. What is m(-161)?
1
Let l(k) = -19*k**3 - 2*k**2 - 10*k + 12. Determine l(1).
-19
Let i(f) = f**3 + 3*f**2 + 8*f + 12. Determine i(-8).
-372
Let r(j) = -3*j**3 - 45*j**2 + 20*j - 288. Determine r(-16).
160
Let k(o) = 104387*o - 8455354. Calculate k(81).
-7
Let w(l) = -469*l - 23950. What is w(-51)?
-31
Let x(h) = h**3 - 11*h**2 - 632*h - 53. Determine x(31).
-425
Let w(f) = -7547*f - 6446. Determine w(-1).
1101
Let m(x) = 3*x**3 + 23*x**2 - 30*x + 89. Determine m(-9).
35
Let s(q) = 3021*q + 102752. What is s(-34)?
38
Let f(c) = -2793*c + 1282047. Give f(459).
60
Let f(l) = l**3 - 23*l**2 - 2829*l + 67316. What is f(24)?
-4
Let u(j) = 24*j**3 + 1111*j**2 - 3064*j + 5933. Determine u(-49).
4
Let y(i) = 79056*i + 79060. Determine y(-1).
4
Let f(n) = -15*n**2 + 35873*n + 35874. Determine f(-1).
-14
Let g(y) = 14450*y - 130273. Calculate g(9).
-223
Let t(y) = 1796*y + 3430. Give t(-2).
-162
Let r(d) = -378*d**2 - 68*d - 124. Determine r(-2).
-1500
Let n(g) = -88899*g - 621843. Determine n(-7).
450
Let b(n) = -n**2 - 119*n - 2828. Determine b(-69).
622
Let x(g) = -31*g**2 - 350*g + 50. Determine x(-10).
450
Let g(d) = -268*d + 2903. Calculate g(-7).
4779
Let z(f) = -2*f**2 + 1177*f - 107469. Calculate z(113).
-6
Let g(n) = -2518*n + 110025. Determine g(44).
-767
Let b(c) = -5*c**3 - 1380*c**2 + 8455*c - 1425. Give b(-282).
-15
Let w(y) = -643*y + 31711. Calculate w(50).
-439
Let m(h) = h**2 - 463*h - 20302. Give m(-45).
2558
Let m(d) = -d**3 - 29*d**2 - 91*d - 32. Calculate m(-25).
-257
Let l(t) = -26*t**2 + 8012*t - 507645. What is l(219)?
-3
Let q(x) = x**2 + 1587*x + 49734. Calculate q(-32).
-26
Let v(o) = 4*o**2 - 601*o + 20259. Determine v(54).
-531
Let c(g) = 804*g + 360914. What is c(-449)?
-82
Let w(h) = -37807*h + 907299. What is w(24)?
-69
Let r(m) = -22*m**2 - 574*m + 91. What is r(-29)?
-1765
Let m(x) = -40*x**2 + 939*x - 4780. What is m(16)?
4
Let g(i) = -11314*i + 169724. Determine g(15).
14
Let m(a) = -a**3 - 43*a**2 - 411*a - 1196. What is m(-31)?
13
Let x(r) = -48*r**2 - 588*r - 1. What is x(-5)?
1739
Let c(k) = -k**3 + 7*k**2 - 144*k + 2070. What is c(11)?
2
Let y(a) = 488*a - 123000. Give y(251).
-512
Let o(a) = 722491*a + 15894814. Calculate o(-22).
12
Let p(y) = 5*y**3 + 139*y**2 + 150*y + 4502. What is p(-28)?
-482
Let g(i) = 789*i - 9420. Give g(12).
48
Let s(i) = -41*i**2 + 21634*i + 7386. Determine s(528).
-6
Let m(k) = k**3 + 59*k**2 + 810*k + 322. What is m(-28)?
1946
Let s(n) = 7*n**3 + 100*n**2 - 106*n - 1850. Determine s(-14).
26
Let h(g) = -g**2 - 45040*g - 225183. Give h(-5).
-8
Let c(s) = -s**3 + 13*s**2 + 153*s + 181. Calculate c(-6).
-53
Let o(a) = -2*a**3 - 140*a**2 - 2418*a + 44. Determine o(-31).
44
Let j(n) = 2*n**2 - 801*n + 71723. What is j(135)?
38
Let t(k) = 128*k**3 - 2312*k**2 + 214*k - 1260. Calculate t(18).
0
Let o(m) = m**3 + 211*m**2 + 568*m - 53810. Calculate o(-207).
10
Let c(y) = y**3 - 17*y**2 + 60*y + 123. Give c(15).
573
Let m(q) = q**3 - 46*q**2 + 1363*q - 53056. Determine m(43).
6
Let u(v) = -41695*v + 2501696. Determine u(60).
-4
Let r(i) = 3016*i - 12171. What is r(4)?
-107
Let q(f) = -f**3 + 68*f**2 - 2459*f + 160248. Calculate q(67).
-16
Let v(d) = -d**3 - 50*d**2 + 12198*d + 7427. What is v(-138)?
-25
Let v(h) = -63*h + 5402. What is v(93)?
-457
Let k(m) = -3*m**3 - 2064*m**2 - 2461*m - 274800. What is k(-687)?
0
Let h(b) = b**3 + 1137*b**2 - 51961*b + 3540. Calculate h(-1181).
-3
Let r(z) = -z**3 - 123*z**2 - 682*z - 68985. What is r(-122)?
-665
Let f(j) = -9*j**3 - 266*j**2 - 155*j - 261. Calculate f(-29).
29
Let f(z) = -z**3 + 26*z**2 + 45*z + 61. Determine f(27).
547
Let s(h) = 4*h**2 - 392*h + 1430. What is s(94)?
-74
Let p(j) = j**3 - 425*j - 2659. Give p(-7).
-27
Let o(h) = 148771*h - 11752911. Calculate o(79).
-2
Let m(d) = -1965*d + 137562. What is m(70)?
12
Let w(t) = -3*t**3 + 23*t**2 + 50*t - 563. Determine w(10).
-763
Let g(s) = -3*s**3 + 165*s**2 - 54*s + 2970. Give g(55).
0
Let a(k